it of d?
2
Suppose 4*l + 2*a + 8 = 0, 0 = 3*l - 0*a - a + 11. Let m(w) = -w + 1. Let y(n) = -n**2 + 8*n - 14. Let h(f) = l*m(f) - y(f). What is the tens digit of h(7)?
2
Let a(l) = 210*l**2 + l + 39. What is the hundreds digit of a(-3)?
9
Let q(n) = 6*n**2 - n + 65. What is the hundreds digit of q(-8)?
4
What is the units digit of -2 + -3 - (-3480)/2?
5
What is the units digit of (-1839)/((-2)/((-104)/(-39)))?
2
What is the tens digit of ((-8)/(-12) - (-5146)/(-6))*-1?
5
Let t(p) = -4579*p**3 + 4*p**2 + 2*p - 4. What is the tens digit of t(-1)?
7
Let v(m) = -m**3 - 6*m**2 - 5*m + 29. Suppose 3*n + 10 - 7 = -3*g, n = 4*g + 29. What is the tens digit of v(g)?
5
Let s(h) = -892*h + 72. What is the tens digit of s(-2)?
5
Suppose -61*t + 8659 = -54*t. What is the hundreds digit of t?
2
Suppose -4*i = a + 56, -i = 5*a - 2*i + 322. Let h = 11 - a. What is the tens digit of h?
7
Suppose -2*j + 0*j = 0. Suppose x - 3*n - 78 = 0, 390 = 2*x + 3*x + 5*n. Suppose -2*c + 3*p = -44, -x = -4*c + p - j*p. What is the tens digit of c?
1
Let l(i) = -44*i - 1. Let r be l(2). Let a = r + 125. Suppose 2*b + 0*b + 2*z - a = 0, 3*b + z = 62. What is the units digit of b?
2
Let o(h) = 17*h**2 + 5*h - 4. Let z(t) = -9*t**2 - 3*t + 2. Let j(p) = 3*o(p) + 5*z(p). What is the tens digit of j(3)?
5
Suppose -d + a + 43 = -0*a, 3*d + a - 149 = 0. Suppose 2*r - 14 = 4*c, -13 = r - c + 3*c. What is the tens digit of (d/(-20))/(r/40)?
3
Let v(p) = -p**2 - 52*p - 12. What is the tens digit of v(-35)?
8
Let t be (-590)/(-3) + 6*(-4)/36. Suppose 2*l - 5*j + 13 - 169 = 0, -5*j + t = 2*l. What is the units digit of l?
8
Suppose 24*w - 28*w = 312. Let z = 217 + -105. Let i = z + w. What is the units digit of i?
4
Suppose 9*r = 11*r. Suppose 107 = 2*u + b, -u - 4*b + 0*b + 43 = r. What is the units digit of u?
5
Suppose 8*t - 5*t = 114. Suppose -g + 3*s + t = -13, -5*g - s = -255. What is the tens digit of g?
5
What is the tens digit of (64/48)/((-8)/(-822))?
3
Let i(g) = -g**2 - g + 20. Let w be i(0). Let a be (w/6)/5*3. Suppose a*x + 36 = 4*x. What is the units digit of x?
8
Let f(o) = o**2 - 12*o + 8. Let n be f(12). Suppose 0 = r - n + 6. What is the tens digit of r + -6*21/(-3)?
4
Let t be -1 - -1 - 4*(-1)/2. Suppose 791 = 5*g + t*g. What is the units digit of g?
3
Let r(c) = -c**3 - 5*c**2 + 5*c - 8. Let k be r(-6). Let v be (-53)/k - 5/(-10). Suppose -5*u = -v - 8. What is the units digit of u?
7
Suppose -3168 = 50*y - 34268. What is the hundreds digit of y?
6
Let r(n) = -11*n - 1. Let v(i) = -4*i**3 + i**2 + i - 1. Let u be v(1). Let p be r(u). Suppose p = -5*a + 82. What is the tens digit of a?
1
Let m(y) = -y**3 - 4*y**2 - y - 8. Let q be m(-4). Let s be 1053/18 - 2/q. Let h = s - 22. What is the tens digit of h?
3
Suppose -3*g + 8 + 418 = o, -3*o + 4*g = -1252. Suppose 9*s + s - o = 0. What is the units digit of s?
2
Suppose 3*d - 373 = 92. Let p = d - 93. What is the units digit of p?
2
Let o(w) = -w + 3. Let s be o(3). Let m(d) = d + 3. Let b be m(s). Suppose 64 = b*n - n. What is the units digit of n?
2
Let j(d) be the third derivative of d**6/120 + d**5/15 - d**3/6 + 6*d**2. Let z be j(-3). Let g = 4 + z. What is the units digit of g?
2
Let x = -245 + 388. What is the units digit of x?
3
Suppose j = -4*i + 9*i - 10872, 4 = -2*j. What is the hundreds digit of i?
1
Suppose 0 = 65*b - 17*b - 48672. What is the thousands digit of b?
1
Let p = 955 + -111. What is the units digit of p?
4
Let p(i) = i**3 - 5*i + 2. Let m be p(3). Let r = m + -9. Suppose 4*h + 3*g = 69, 4*h + r*g - 101 = -26. What is the units digit of h?
5
Suppose -20*s + 18*s = -458. What is the tens digit of s?
2
Suppose 0 = 5*l - 5, -2*l + 4 = 3*a - 4. Suppose -5*h + 0*g = -3*g - 12, -8 = -4*h + a*g. What is the units digit of (-27 - h)*3/(-9)?
9
Let b(q) = q + 14. Let t be b(7). Let i = -6 - -11. Suppose -i*l = -t - 149. What is the tens digit of l?
3
Suppose -4*f - 3829 = -11*f. Let o = f + -387. What is the hundreds digit of o?
1
Let a = 1 + -2. What is the units digit of (-2 + 6 - 13)/a?
9
Suppose 0 = -k + 3*m - 13, 4*k + m + 4*m = 33. Suppose -2*y = -2*p + 16, -k*y - 14 = -p - 4*y. What is the units digit of (2/3)/(p/615)?
1
Let w(y) = 7*y + 52. Let n be w(-6). Suppose g = -n + 22. What is the units digit of g?
2
Suppose 0 = z - 3. Suppose -k = -0 - z. Suppose -2*f + 5*f = -4*c + 46, f + k*c = 22. What is the tens digit of f?
1
Suppose -6*a + v = -2*a - 9009, 0 = -2*a + 2*v + 4506. What is the units digit of a?
2
Let s(g) = -5 + 2 - 4 + g**2. Let b be 4/(-10) - 108/(-20). What is the tens digit of s(b)?
1
Let u(y) = -24*y - 156. What is the hundreds digit of u(-53)?
1
Let o(j) = -9*j + 24. Let w = -42 - -36. What is the tens digit of o(w)?
7
Let r = -15 - -9. Let q be ((-4)/r)/(8/24). Suppose -21 + q = -j. What is the tens digit of j?
1
What is the units digit of (598 - (11 - 17))/(4/18)?
8
What is the tens digit of (-9)/((-63)/25130) + -5?
8
Let v(k) = -116*k + 634. What is the units digit of v(-14)?
8
Let m(u) = -4*u**2 + 11*u - 7. Let z(y) = y**2 - y. Let w(n) = m(n) + 6*z(n). What is the tens digit of w(-5)?
1
Let x be 60/(-6*1*(-9)/(-36)). What is the hundreds digit of (2/((-2)/(-111)))/((-30)/x)?
1
Let f be (-3 + (1 - 0))/(-1). Suppose -2*x + 1 - 5 = -5*t, -4*t + 14 = f*x. What is the units digit of (9/12)/(t/24)?
9
What is the tens digit of 4/(-32)*-4*106?
5
Suppose -4*r - 30 = -5*l, 2*l - l = -r - 3. Suppose 4*d - 4*t - 560 = 0, -l*t = -5*d + 755 - 43. What is the hundreds digit of d?
1
Suppose -4*v - 4 = -3*b - 3*v, 3*v - 12 = b. Suppose -b*z + 201 + 318 = 0. What is the hundreds digit of z?
1
Suppose -2*w = 5*z - 28, 4*w + 2*z + 2*z = 32. Suppose 3*o = 2*m + 569, -172 + 939 = w*o - m. What is the hundreds digit of o?
1
Let r be -2 - 0 - (-66)/3. Suppose -17 = -4*q + 5*q + m, 0 = -4*m - r. What is the units digit of (q/(-5))/(4/30)?
8
Let z = -4121 - -6043. What is the thousands digit of z?
1
Let s(w) = 27*w - 3*w - 58 + 22 + 11*w. What is the tens digit of s(7)?
0
Suppose 0 = -10*l + 1 - 21. What is the units digit of ((-22)/8 - 1)/(l/8)?
5
Let n = -37 - -60. Suppose 5*u = -n + 3. What is the tens digit of (8/4)/(u/(-52))?
2
Let a(g) = -g**3 + 4*g. Let i be a(2). Suppose i = n + n - 10. Suppose 4*o + 2*z - 34 = 0, 38 = n*o + z - 0*z. What is the units digit of o?
7
Let x = 1410 + -783. What is the tens digit of x?
2
Suppose -5*w = 3*o - 0*w - 1238, 3*o = -3*w + 1242. What is the hundreds digit of o?
4
Let k be ((-3)/(-6))/((-5)/(-2850)). Suppose 15*p - 18*p + k = 0. What is the tens digit of p?
9
Let s(b) = -92*b + 48. What is the tens digit of s(-8)?
8
Suppose -g + 4 - 1 = 0. Suppose -g*m + 258 = -m. What is the hundreds digit of m?
1
Suppose 3*f = -3*h - 12, -2*h + 3*h + 3*f = -12. Suppose 363 = 4*a + i, 5*a + h*i - 470 = 2*i. What is the tens digit of a?
9
Let d be ((-12)/(-24))/(1/32). Let h = d + -12. Suppose 20 = 2*p - 2*k, -h*p - 3*k = -3 - 16. What is the units digit of p?
7
Suppose 3*a - 4 + 22 = x, 2*x = -4*a + 76. Suppose 0*k + x = 3*k. What is the units digit of ((-350)/k)/(-1*1)?
5
Let t(h) = -17*h**2 + 8*h - 7. Let o be t(1). Let b = -10 + 2. What is the tens digit of b/((o/(-6))/(-4))?
1
Let u(p) = 76*p + 432. What is the tens digit of u(52)?
8
Let k(t) = 3659*t**2 + 13*t - 6. What is the thousands digit of k(1)?
3
Suppose 2*i - 2*y - 266 - 734 = 0, -5*i + 4*y + 2498 = 0. What is the units digit of i?
8
Suppose -3*r + p = -6 - 3, 0 = p + 3. Let k = r - -46. What is the units digit of k?
8
Suppose 24*y = 2*y + 14652. What is the units digit of y?
6
What is the units digit of (8/12 + (-14)/12)*-998?
9
Suppose 2*l - 4906 = -9*l. Suppose 14*g - l = 954. What is the units digit of g?
0
Suppose -s - 1656 = -9*s. Let d = s + -22. What is the hundreds digit of d?
1
Let r(w) = w**3 - 3*w**2 + 2*w + 3. Suppose 0 = 4*h - 51 + 11. Suppose -17 = -5*c - q, -2*q = 3*q - h. What is the units digit of r(c)?
9
Let f be (-32)/(-10) - ((-78)/10 - -7). Suppose -3*b + 472 = -4*p, -f*b + 4*p - 808 = -9*b. What is the units digit of b?
0
Let q be (2 - 1*-18) + -4. Let p = q - 16. Suppose 4*t - 3*g + 1 = p, -13 = -4*t - 2*g + 1. What is the units digit of t?
2
Suppose -3*i + 5*i - m = 696, -3*m + 1026 = 3*i. What is the tens digit of i?
4
Let a(x) = -x**2 - x + 1. Let z(s) = -7*s**2 - 20*s - 1. Le